alse
Suppose 0*c + 465836 = 28*c. Is c composite?
True
Let k(f) = 2*f - 16 + 18 - 3*f + 0*f. Let x be k(-5). Is 14 - (x - 2 - 2) composite?
False
Let z be -18*((4 - -13) + 4/6). Let q(d) = -445*d. Let j be q(-1). Let p = z + j. Is p a composite number?
False
Let s = 10 + -10. Suppose s = -o - 2*t + 37, -2*o + 6*t + 119 = t. Is o a composite number?
False
Suppose -7*g + 2*g + 110 = 0. Let c be g/(-77) - (-1094)/7. Let z = c - 97. Is z a prime number?
True
Suppose 2*x - 4*d = 20, -8 = 2*x - 3*x + d. Is (1 + 8/x)/((-4)/(-9012)) a prime number?
False
Let n(b) = -b**2 + 9*b + 1. Let i(z) = 3*z**2 - 18*z - 1. Let f(t) = -2*i(t) - 5*n(t). Let h be f(-8). Suppose h*o + 148 = 2373. Is o composite?
True
Is 29708/35*5/2 composite?
True
Let m be (-76)/(-18) + 16/(-72). Let f be -2 - (1629 - m) - 1. Let i = f - -2965. Is i composite?
True
Let l(n) = -2098*n**2 + n - 1. Let o be l(1). Let m = o - -4313. Is m composite?
True
Suppose 0 = 9*g - 2394 - 11655. Suppose -3*c + g = -2*c. Is c a composite number?
True
Suppose -4*m - 10*n + 9*n + 142988 = 0, -4*m - 4*n + 142988 = 0. Is m a prime number?
True
Let y = 39 + -35. Let g be (-65)/15 - y/(-12). Is (-1558)/g*(10 - 8) prime?
False
Let d = 5588 - 1695. Is d a prime number?
False
Suppose 12*d - 37157 + 11225 = 0. Is d prime?
True
Let h(f) be the third derivative of 4*f**5/15 - f**4/12 - f**3/2 - 5*f**2. Let i be h(-3). Suppose w = 4*w + 9, -3*j + i = -2*w. Is j prime?
True
Suppose 744342 = 16*z + 250214. Is z a composite number?
True
Let g(a) = -33*a**3 - 5*a**2 - 11*a - 38. Is g(-7) prime?
True
Suppose -492 + 92 = -4*l. Suppose -11*b = -6601 + l. Is b prime?
False
Let d = -1003 - -9462. Is d composite?
True
Suppose 2*j + 4*b - 10 = 3*j, -4*j = -2*b - 30. Let n be (2 - j/6)*849. Suppose 3*y = -5*a + 715 + 139, -2*a = y - n. Is y composite?
False
Let c = 112 - 109. Suppose c*m + 16532 = 7*m. Is m composite?
False
Suppose b = 2*u - 1 + 8, -4*u - 17 = -3*b. Suppose 5*g = -25, -3*h - g + b*g = -643. Is h prime?
True
Let q = -21 + 28. Suppose -q*c + 3320 = c. Is c prime?
False
Suppose 495780 = 32*z + 89540. Is z composite?
True
Let f(d) = 65*d**2 + 9*d - 45. Is f(7) a prime number?
True
Is 318/(-102) + 3 - (-119053)/17 a prime number?
False
Let c be 3*(-5)/(45/1968). Let u be (3 - -3456)*-1*2/(-6). Let t = u + c. Is t a composite number?
True
Suppose k + 2 = -3*v, v + 0*v - 3*k - 6 = 0. Suppose v = c + 4*j + 2, 4*j = -0 - 4. Suppose 4*q - 810 = -c*u, -2*u = -4*q + 569 + 245. Is q a composite number?
True
Let p(o) = 11*o**2 + 9. Let h be (-6)/((-5)/(-2) + -1). Is p(h) prime?
False
Let o(c) = 38*c**2 - 10*c + 8. Let w be o(7). Suppose -2*p - w = 282. Let y = -660 - p. Is y prime?
False
Let k(a) = -a**3 - 9*a**2 - 2*a + 13. Let y be k(-9). Let t = -54 + y. Let o = t - -46. Is o a composite number?
False
Let f(n) = 12*n + 21. Let y be f(-2). Is 2014/y*18/(-12) a prime number?
False
Suppose -10 + 18 = 2*z. Suppose i - 154 = -z*w, w + 0*w = 5. Is i prime?
False
Let p = -976 - -1747. Is p a prime number?
False
Suppose 246*f + 210010 = 256*f. Is f a composite number?
False
Let s = -155 - -423. Suppose 5*i - m = 653, 3*i - i - s = -3*m. Is i a prime number?
True
Let m = -13 + 36. Suppose -4*y = 2*o - y + 11, 5*o + 21 = -y. Let v = o + m. Is v composite?
False
Let o(c) = -6 - c**2 + 8 + c + 10*c. Let a be o(11). Is a/12 - 6890/(-60) prime?
False
Let k(a) = a**2 + 13*a - 30. Let c be k(-15). Suppose c = -4*u - 3*y - 684, -2*u = y + y + 342. Let q = u + 334. Is q composite?
False
Suppose -4*w + 1963 + 5767 = -2*n, 3*w - 3*n = 5802. Is w prime?
True
Suppose 5*j + 7*d - 76293 = 8*d, -3*d + 6 = 0. Is j composite?
False
Suppose 5*z - r + 40 = 3, 4*z + 44 = -4*r. Let l be 3 - z/(-2) - -6. Suppose l*s + 4*t - 47 = 43, 10 = -2*t. Is s a prime number?
False
Suppose 6763 = 2*p - 10479. Is p a prime number?
False
Suppose -2*j + 4*v = 3*v - 33681, 67392 = 4*j + 4*v. Is j prime?
True
Let c(k) = 8*k**3 + 17*k**2 + 34*k - 24. Is c(17) a prime number?
True
Suppose -186*u + 183*u = -63885. Is u prime?
False
Let d(k) = 5*k**3 + 14*k**2 - 68*k + 6. Is d(7) prime?
True
Let p(o) = 89*o + 5 + 11*o**2 - 48*o - 47*o. Is p(2) prime?
True
Let o be (2 + -1)/((-2)/6). Let i(y) = 4*y**2 - 2*y**3 - 131 + y + 127 + 0*y. Is i(o) prime?
True
Let l = 4 + 1. Let q(i) = -2 - 2*i**2 + 3*i**2 - 4. Is q(l) a composite number?
False
Let m(j) = -j - 1. Let c(r) = 167*r - 29. Let v(l) = c(l) - 2*m(l). Is v(22) a composite number?
False
Suppose -20*d - 34585 = -120065. Is d a prime number?
False
Let u = 12238 + 16539. Is u composite?
True
Let z be (-426)/(-8) - 5/20. Let v = z - 18. Is v a prime number?
False
Let n(g) = 22*g**2 - 15*g + 58. Let d be n(-19). Suppose -5*b = -0*b - d. Is b composite?
False
Suppose -2965 = -3*y - 4*j, -6*j = -j - 5. Let i = -338 + y. Is i composite?
True
Let m be (-3)/((-9)/(-14))*(-3033)/6. Suppose -u = 6*u - m. Is u a composite number?
False
Suppose 2*s + 4 = -28. Let a(g) be the first derivative of g**4/4 + 6*g**3 + 11*g**2/2 - 7*g + 2. Is a(s) composite?
True
Let f(x) = 358*x**3 + 3*x - 2. Let h = 0 - -23. Let l = -22 + h. Is f(l) a prime number?
True
Let o = 1545 - 3135. Let a = 1221 - o. Is a a prime number?
False
Suppose g = 6*g - 36950. Suppose g = 5*i + 585. Is i prime?
True
Let h = -13 + 16. Suppose 5*u + 2 + h = 0, 0 = -5*k - 2*u + 368. Is k a composite number?
True
Let t be (7 - 10)/((-3)/(-8)). Let h(o) = -2 + 1 - 4 - 2*o - o. Is h(t) prime?
True
Let s(f) = -10*f**3 + f**2 + 3*f - 1. Let u(y) = y**3 - 2*y**2 + 2*y - 1. Let q be u(2). Suppose -q*w - 6 = -w. Is s(w) prime?
True
Let k(r) = -2*r**3 + 16*r**2 + 7*r + 16. Let b be k(8). Suppose -58 = -2*c + 4*c. Let u = b + c. Is u composite?
False
Is (-382)/((-1075)/5700 + (-2)/(-24)) composite?
True
Is -4 - 13/(78/(-52002)) a composite number?
False
Let p = -583 + 3304. Is p a prime number?
False
Let h(q) = 149*q**2 + 14*q - 67. Is h(6) prime?
True
Suppose 5*o - 2*j + 48 = -j, 3*o - 5*j + 20 = 0. Let n = o + 14. Suppose 5*w - 313 + 122 = n*s, -3*w + 97 = 2*s. Is w a composite number?
True
Let y(p) = 1 + 0 - 2 + 4 - 18*p + 4*p**2. Is y(-17) prime?
False
Suppose 3160 - 847 = c - 4*m, 3*c - 7014 = -3*m. Suppose -a + c = 178. Suppose y - 6*y = -5*q - 3615, -3*y + a = 4*q. Is y prime?
False
Let k be 29778/(-5) - 42/(-70). Is (1 - 0)/((-15)/k) a composite number?
False
Let p be (9/(-3) - 33)*(-20 - -4). Let m = p - 71. Is m prime?
False
Let s be 1/(((-24)/(-20))/6). Let i(l) = 2*l**3 - 5*l**2 - 7*l - 1. Let h be i(s). Suppose -h = -q - 3. Is q prime?
False
Suppose -2*g - k = -1129, -5*g + 0*k = -4*k - 2816. Let q be (-2)/9 + g/108. Suppose -5*p = -j + 3*j - 521, -p = q*j - 118. Is p a prime number?
True
Let t(z) be the first derivative of z**5/30 + 5*z**4/24 - 7*z**3/6 - z**2 + 3. Let a(s) be the second derivative of t(s). Is a(6) a prime number?
False
Let x(p) = -102*p - 1. Let o(k) = k. Let r be o(-4). Is x(r) a prime number?
False
Let w = 3 + -11. Is ((-2620)/w)/5*(3 - 1) composite?
False
Suppose t + 25 = -145. Suppose 329 = a + 3*f, -3*a - f + 85 = -902. Let v = a + t. Is v prime?
False
Let f(g) = -g**3 + 7*g**2 + 5*g + 43. Is f(-10) composite?
False
Suppose -7 = -f - 16. Let s(r) = 13*r - 21. Let t be s(f). Is (-1)/2 - t/4 prime?
False
Let m(g) = 437*g**3 - 3*g**2 + 2*g - 1. Let d be m(1). Let b = 766 - d. Is b a prime number?
True
Let d be -1 + (2 - -1) + 1. Let y(g) = -1 + 2 - d - 148*g - 1. Is y(-2) composite?
False
Suppose -2*s = -7 - 23. Let m be ((-4)/(-12))/(1/s). Suppose x = -m*g + 211, x + g + 187 = 2*x. Is x a composite number?
False
Let g(k) be the first derivative of -3*k**2/2 - 5. Let u be g(-1). Is (-97)/(u + -2 - 2) a composite number?
False
Let d(l) = -l**3 - l**2 - 1. Let y(u) = -16*u**3 + 6*u**2 + 4. Let f(j) = -5*d(j) - y(j). Let p be f(2). Let s = p - 22. Is s prime?
False
Suppose -r + 22 = 4*v, -3*r = 5*v - 6*v - 1. Suppose -f = r*j - 848 - 515, 3*f = 5*j + 4078. Suppose 5*i - 924 = f. Is i a composite number?
False
Let z(v) = v**3 + 2*v**2 - v - 2. Let o be z(-2). Let i(k) = 0*k + 5*k - 7*k - 1 + 2*k**3 + o*k**3. Is i(2) composite?
False
Suppose 0 = 5*u, 3*d + 2*u = 3*u. Suppose d = 16*s - 19*s + 2427. Is s a prime number?
True
Let j = 677 + -1613. Let l = -545 - j. Is l prime?
False
Let m(t) = -105*t + 5. Let i = 38 + -8. Suppose -2*a + 3*a - 2 = -4*c, 4